Is j prime?
False
Suppose 5*w - 1 = u, -4*u = -3*w - 2*u + 2. Let k be 1191 + (w - 0) + -3. Suppose 2*n - 3*c - 1484 = -3*n, -k = -4*n + 2*c. Is n a prime number?
False
Let a(h) = 36*h + 47. Let t = 447 + -437. Is a(t) a prime number?
False
Is 233090 + (35 - 11) - (3 - 2) prime?
True
Let s(u) = 44*u**2 - 2*u + 7. Let b be (-4)/(-3)*(-195)/(-26) - 4. Suppose -3*n = b + 6. Is s(n) composite?
False
Let z(p) = 2 + 7 + 387*p - p + 162*p. Is z(7) prime?
False
Let f(t) = 32*t**2 - 10*t + 130. Is f(8) prime?
False
Let y = -940 + 1581. Let u = y - 418. Is u composite?
False
Suppose 3*j + w - 1044443 = 0, 0 = -221*w + 224*w + 12. Is j a prime number?
True
Suppose -y = -11*y + 120. Suppose 7*o + y = 4*j + 3*o, 0 = -j + 2*o + 4. Is 21914/8 + j + (-7)/28 prime?
True
Let n = 326424 + -115753. Is n a prime number?
True
Suppose -5630315 - 5123635 = -150*d. Is d composite?
False
Let j(y) = -241659*y - 584. Is j(-3) a composite number?
False
Let l(v) = -v**3 + 13*v**2 + 7*v - 87. Let w be l(13). Suppose -w*s + 1872 = 4*x - 72, 4*x - s = 1949. Is x a composite number?
False
Let t(l) = -3*l**2 - 21*l - 52. Let k be t(-3). Is k - (-5 - 2) - -7286 composite?
True
Let q be ((-3)/(-3) - -2)*(0 - -1). Suppose -q*t - 62 = -2*v, -t - 5*v + 2 = -0. Is 6/t*2 + 712/6 composite?
True
Suppose -100081 = -3*d + 28085. Suppose -w + 8548 = j, -5*j + d = -7*w + 6*w. Is j prime?
False
Suppose 25 = -5*t + 2*y - 3, -8 = t - y. Let p be 3/1 - (t + 2 + 3). Is (116*(-10)/(-4))/p prime?
False
Let j = -151 + 150. Is -15*j/3 + 4866 composite?
False
Suppose 328*i - 20943181 - 6549336 = -7280829. Is i a prime number?
False
Let j = -38 + 47. Let g(r) = 449*r - 224. Is g(j) composite?
True
Let v = -18083 + 30742. Is v composite?
False
Suppose -5*k + k + 10555 = c, -2*k - c = -5279. Suppose 0 = -17*h + 15*h + k. Is h a prime number?
True
Let s be (-123)/6*-2*(3 + 0). Suppose t = s + 68. Is t composite?
False
Let k be (35 - 1)*((-11 - -10) + -4). Let t = k + 529. Is t prime?
True
Suppose -105*k + 112*k = -196287. Is 1 - ((-1)/6 + k/18) a prime number?
True
Suppose 167792 = -2*u + 55820. Is 1/(-9 + 11) - u/4 a prime number?
True
Suppose -5*o = -1226246 - 463319. Is o composite?
True
Let v(k) = 379*k - 125. Is v(4) a composite number?
True
Suppose 309681 + 112888 = 119*z. Is z prime?
False
Let a be (-11)/(121/35) + 6/33. Let r(d) be the first derivative of -237*d**2/2 - 4*d - 1. Is r(a) a prime number?
False
Let d be 1*4/(-36) - 84/(-27). Let g(o) = 274*o**3 - o**2 - 7*o + 1. Is g(d) a composite number?
False
Suppose 1 = 5*y - 9. Suppose -5*z = 2*p + 2852, p + y*z = -2*z - 1432. Let o = p - -2570. Is o prime?
False
Let v be (-104)/(-18) + (-46)/(-207). Suppose -8*w = -v*w + 4. Is (17/w)/(2660/(-664) + 4) composite?
True
Let h(k) be the third derivative of -409*k**4/24 - 16*k**3 - 2*k**2 - 39. Is h(-7) prime?
True
Let t be (4/5)/((-28)/(-1330)). Let g be -1 + t/8 + 9/36. Suppose -4*o = i - 1655, o + 6607 = 4*i + g*o. Is i a prime number?
False
Let a(u) = 5 + u + 9 + 0*u + 0*u. Let o be a(-13). Is 491 - (o + -4 - -3) a prime number?
True
Suppose 0 = 8*c - 914191 + 475409 - 939642. Is c a prime number?
False
Suppose -r = -5*q + 3, 33*r - 6 = 35*r + 5*q. Is 1675 - (r + (-21)/(-3)) a composite number?
True
Let m be (2 - 0)*16723*(-5)/(-70). Let w = 4602 - m. Is w composite?
False
Let u be 12/40 + 2104/(-80). Is (u/(-52))/((-1)/(-10124)) a composite number?
True
Let v be ((-3)/((-54)/12))/(2/30). Let c = v + -620. Let h = c + 992. Is h composite?
True
Let p(a) = -606*a**3 - 3*a**2 - 82*a + 6. Is p(-7) a prime number?
True
Let j be -7 + 7246/(-2) + -6. Let x = j + 5359. Is x prime?
True
Suppose 2*c = k - 0*k + 21482, -53705 = -5*c + 4*k. Let l = c - 2697. Suppose 283 + l = 11*z. Is z a composite number?
False
Let f be 48/(-120) - (2466596/(-5))/(-2). Is (1 - 2)/(60/f) a composite number?
False
Let s be (26 + -26)/(3*1). Suppose 0*g - v = g - 1928, s = 5*v + 15. Is g prime?
True
Let m be 0/(1/(1/(-1))). Let w be -1 + (1 - 2)*m. Is (40/(-24))/(w/129) composite?
True
Let i(t) = -7624*t**3 - 2*t**2 - 10*t - 1. Is i(-2) a composite number?
True
Let a(r) = 253*r - 72. Let f be a(-6). Let i = 1573 - f. Is i composite?
False
Let j(c) = 444*c + 174. Let i be j(8). Suppose 16*n - i = 12418. Is n a prime number?
True
Let l be 10970/4*(-24)/30. Let z = 3147 + l. Is z prime?
True
Is (-2)/(-3) - ((-110636449)/(-57))/(-7) a prime number?
False
Suppose 18*d - 4484 = 1744. Let m = 1827 - d. Is m a composite number?
False
Suppose 2*u + 13019 = 5*z, -2*z = -0*u + 4*u - 5222. Suppose 21*k - 16*k - z = 0. Is k a prime number?
True
Is -9 + 17 + (3 - 2)*56333 a prime number?
False
Let j(g) = 826*g**3 - 4*g**2 + 4*g + 8. Let v be j(4). Suppose 5*x = 10831 + v. Is x a prime number?
False
Let i = 6639352 + -1387175. Is i prime?
False
Let h(g) = 23*g - 43. Let r be h(2). Suppose 3*i + 5*y = 11921, -4*y = r*i - 4914 - 7003. Is i prime?
True
Suppose -3*x - 21 = 2*r, -x + 4 = -2*r + 3. Is 31922/8 + -1*x/(-4) prime?
True
Let t(u) = 280241*u**2 - 128*u + 128. Is t(1) a prime number?
False
Let t(q) = -4*q**3 - 7*q**2 - 206*q - 90. Is t(-31) a composite number?
True
Let y(b) = -18*b - 47. Suppose 4*h - 220 = -3*u, 2*u = -h + 64 + 91. Suppose -17 + u = -9*q. Is y(q) composite?
False
Let y(r) = 5*r**2 - r**3 + 2*r + 2*r**2 + 2 - 5*r**2. Let z be (5 - (-30)/(-9))/((-15)/45). Is y(z) prime?
True
Let r = -311 + 309. Let v(u) = -104*u - 3. Is v(r) composite?
True
Let d be -10 + 3 - -4 - (-27)/(-1). Let m = d - -34. Suppose -1962 = -m*s + 6850. Is s prime?
True
Let t = -18 - -21. Suppose -t*n - 2700 = 2*b, 5*b = -5*n + n - 6757. Is ((-4)/18*b)/(10/15) composite?
True
Let y(v) = v**3 + 13*v**2 + 7*v - 26. Let l be y(-12). Suppose -3*k + 0*k = -2*p + 21, -5*k = -3*p + l. Is (-5 - (-2 - 10301)) + p a prime number?
True
Let i be 3/((-6)/(-4)) - 11. Let j(s) be the second derivative of -s**5/20 - s**4/4 + 5*s**3/3 - 5*s**2/2 + 931*s. Is j(i) prime?
False
Suppose 2*r - 366 + 2558 = -4*b, 5*b + 2753 = 4*r. Let d = 4970 + b. Is d composite?
False
Let b(i) = 56*i - 31. Let y be b(3). Let r = y - -486. Is r a prime number?
False
Let p = -124 - -207. Let j = p - 83. Suppose 6*i + 6*i - 8868 = j. Is i prime?
True
Suppose 35*l - l = 0. Suppose l*h - 7*h = -49847. Is h a prime number?
True
Let u(v) = 1734*v**2 + 5*v - 7. Let t be u(2). Let f be -10*(t/(-90) + 4/(-10)). Suppose 4*y = -16, 6*y - y - f = -5*m. Is m a composite number?
True
Suppose -3024395 = -5*n + 5*f, 0 = 3*n - 12*f + 16*f - 1814679. Is n composite?
True
Let h(s) = 390*s - 393. Let c be h(1). Suppose -29 = 3*a - 1169. Let w = a + c. Is w a prime number?
False
Let w = 91 - 88. Is (2 - 1)*1185 + (5 - w) a composite number?
False
Suppose -272239 = -8*f + 7929. Suppose -4*k = 5*l - f, 5*k - 5*l - 3794 = 40016. Is k prime?
False
Suppose 116*q - 47296 = 100*q. Is (q/(-2))/(-26 + 24) composite?
False
Let f be (-3 - -15)/((-3 - 10) + 11). Let j(c) be the first derivative of -4*c**3/3 - 25*c**2/2 + c - 1. Is j(f) prime?
True
Suppose 4*k - 43 + 819 = 0. Is k/873 + -1 + (-196132)/(-18) composite?
True
Let s = 25 + -7. Suppose -s*z + 32130 = -15*z. Suppose 0 = 6*i - 174 - z. Is i prime?
False
Suppose 1293*r - 1316*r + 945737 = 0. Is r a prime number?
False
Let f(u) = -777*u - 6. Let i be f(3). Let w = 496 - i. Is w a composite number?
False
Let j be 36/10 - ((-69)/(-15) - 5). Suppose 2*r + 0*x + x = 10, j*r - 5*x = 48. Suppose -5*q + r*q = 1842. Is q a composite number?
True
Let y be 2/((2/(-4))/((-3)/6)). Is -1*(-1469 - 4/y) prime?
True
Let u be (-30)/12 - 9*3/18. Is ((-1973)/u)/((-21)/(-252)) a composite number?
True
Let c = 22 + -5. Suppose -14596 = 13*h - c*h. Is h composite?
True
Let t(y) = y - 19. Let w be t(14). Let q(p) = -p**3 - 6*p**2 - 7*p - 10. Let b be q(w). Suppose 0 = -4*o - b*o + 1636. Is o composite?
False
Suppose -3*y - 5*v + 56 = 0, 2*y - v = -4 + 24. Let i(f) = 7*f**2 - 16*f + 279. Let b be i(26). Suppose y*j = 7*j + b. Is j a composite number?
False
Let v(b) = -b - 18. Let u be v(-12). Let g be (-103)/2*u*(-5 - -1). Let j = g - -1807. Is j composite?
False
Let q(u) = -3429*u + 887. Is q(-10) composite?
True
Let b = -42368 - -103125. Is b a prime number?
True
Suppose 0 = -19*k + 15*k + 20. Let r(v) = v**2 - 2*v - 19. Let o be r(k). Is (9303/(-12))/(1/o) prime?
False
Suppose 0*f 